- 1921. Calculate t(64).
-1
Let z(c) = -30*c + 148. Give z(4).
28
Let j(f) = 132*f - 5652. What is j(43)?
24
Let d(g) = g**3 + 16*g**2 + 93*g + 1169. Determine d(-15).
-1
Let c(i) = i**2 + 268*i + 5634. Calculate c(-23).
-1
Let y(t) = -2*t**2 + 75*t - 700. What is y(20)?
0
Let l(i) = i**3 - 104*i**2 - 73*i - 3331. Give l(105).
29
Let b(u) = 9*u - 243. What is b(23)?
-36
Let l(w) = -w**3 - 14*w**2 - 85*w - 1228. Calculate l(-14).
-38
Let w(z) = -z**3 - 6*z**2 + 32*z + 28. What is w(-10)?
108
Let i(f) = -3*f**2 + 92*f - 146. Determine i(27).
151
Let u(b) = 69*b + 12216. Give u(-177).
3
Let s(j) = 18*j**2 + 197*j - 12. What is s(-11)?
-1
Let l(i) = -i**3 + 20*i**2 - 6*i + 39. What is l(20)?
-81
Let z(t) = t**3 - 29*t**2 + 68*t + 801. What is z(25)?
1
Let d(m) = 2*m**2 - 102*m + 334. Determine d(49).
138
Let z(h) = 6821*h + 6823. Determine z(-1).
2
Let r(m) = -529*m + 96279. Give r(182).
1
Let i(b) = b**3 + 24*b**2 + 28*b - 86. Determine i(-22).
266
Let a(r) = -r**3 + 45*r**2 + 60*r + 12. Calculate a(46).
656
Let v(s) = -s**2 - 5128*s + 10259. Calculate v(2).
-1
Let x(y) = 59*y + 111. Calculate x(-3).
-66
Let b(c) = 13*c**2 - 2*c + 8. Give b(3).
119
Let y(r) = 77*r - 2933. Determine y(41).
224
Let i(c) = 83*c - 834. Calculate i(10).
-4
Let c(z) = -781*z + 3901. What is c(5)?
-4
Let w(z) = -4*z**2 + 10*z + 29. Calculate w(-3).
-37
Let g(a) = a**2 - 258. What is g(-15)?
-33
Let i(t) = 7*t**2 + 653*t - 2016. Give i(3).
6
Let o(a) = -2*a**3 + 39*a**2 + 158*a + 42. Give o(23).
-27
Let s(u) = -12*u + 122. Determine s(8).
26
Let w(j) = 62*j - 11. Determine w(0).
-11
Let n(r) = -4*r**2 + 54*r + 136. What is n(-2)?
12
Let a(f) = -4*f**3 + 131*f**2 + 34*f + 29. What is a(33)?
62
Let d(r) = r**3 + 7*r**2 - 11*r + 4. What is d(-9)?
-59
Let l(i) = -27*i**2 + 341*i + 126. What is l(13)?
-4
Let f(j) = 626*j - 617. What is f(1)?
9
Let c(y) = 3*y**3 + 10*y**2 + 898*y + 3617. Give c(-4).
-7
Let u(i) = -1812*i - 45300. Give u(-25).
0
Let b(v) = -22*v - 90. Calculate b(6).
-222
Let v(j) = 4*j**3 - 49*j**2 + 72*j + 164. Determine v(10).
-16
Let s(a) = -a**2 + 36*a + 45. What is s(31)?
200
Let a(f) = 54*f + 7. Calculate a(2).
115
Let d(c) = 31*c - 434. Give d(15).
31
Let p(y) = -y**3 + 7*y**2 + 14*y + 1. Calculate p(6).
121
Let o(j) = -18*j - 30. Determine o(-14).
222
Let g(n) = 11*n**2 - 188*n + 9. Calculate g(17).
-8
Let o(f) = -8*f**2 - 155*f + 274. Calculate o(-21).
1
Let b(r) = -r**3 + 26*r**2 - 57*r + 802. Calculate b(25).
2
Let h(g) = 14*g**2 + g + 41. Calculate h(-6).
539
Let t(i) = i**2 + 12*i + 63. Calculate t(-8).
31
Let h(k) = -k**2 + 6*k + 91. Calculate h(12).
19
Let c(z) = z**2 + 154*z + 5857. Give c(-70).
-23
Let c(z) = 12*z**2 + 579*z + 162. What is c(-48)?
18
Let t(a) = a + 141. Calculate t(-21).
120
Let w(f) = f**3 + 17*f**2 + 34*f + 69. Calculate w(-15).
9
Let t(j) = -6*j**2 + 111*j + 186. Calculate t(20).
6
Let o(f) = -f**3 + 69*f**2 - 442*f + 499. What is o(62)?
3
Let h(g) = 2*g**3 + 103*g**2 + 154*g + 10712. Give h(-52).
0
Let j(i) = 272*i - 278. Give j(4).
810
Let l(v) = 13*v + 115. Calculate l(-12).
-41
Let g(w) = -172*w + 3067. What is g(18)?
-29
Let p(t) = -t**2 + 65*t - 909. Calculate p(20).
-9
Let y(w) = -2*w**3 + 36*w**2 - 83*w - 53. Give y(15).
52
Let v(l) = -25*l + 1697. What is v(79)?
-278
Let l(t) = t**3 + 6*t**2 + 2*t - 21. Give l(-5).
-6
Let j(q) = -6*q**2 + 361*q + 1439. Calculate j(-4).
-101
Let i(w) = w**2 - 4*w - 6. Determine i(7).
15
Let y(w) = 29*w**3 + 6*w**2 + 20*w + 19. What is y(-2)?
-229
Let y(x) = -21*x**2 - 605*x + 1211. Give y(2).
-83
Let d(y) = 3*y**3 - 167*y**2 + 106*y + 236. Calculate d(55).
16
Let j(c) = -101*c**3 - 10*c - 11. Determine j(-1).
100
Let h(a) = -12*a - 67. Calculate h(-8).
29
Let i(n) = 241*n + 745. Calculate i(-6).
-701
Let w(k) = -k**2 - 54*k - 154. What is w(-53)?
-101
Let l(g) = -g**3 + 36*g**2 - 37*g + 69. Determine l(35).
-1
Let w(n) = 2*n**2 + 119*n + 1612. Determine w(-23).
-67
Let l(k) = 27*k**2 - 100*k. Calculate l(4).
32
Let i(v) = -v**3 + 45*v**2 - 185*v + 856. Determine i(41).
-5
Let o(d) = -47*d**2 + 229*d + 5. What is o(5)?
-25
Let q(o) = 5451*o + 21786. Determine q(-4).
-18
Let j(h) = 8*h**2 - 6*h + 6. What is j(2)?
26
Let r(y) = 178*y - 714. Determine r(6).
354
Let o(c) = -11*c + 31. Calculate o(7).
-46
Let z(p) = -421*p - 1258. Calculate z(-3).
5
Let x(s) = 1234*s + 33308. Calculate x(-27).
-10
Let a(m) = -2*m**3 - 19*m**2 + 43*m + 194. What is a(-12)?
398
Let s(g) = -27*g**2 + 156*g + 660. Calculate s(-4).
-396
Let n(v) = 4*v**2 + 26*v - 337. Determine n(10).
323
Let s(f) = -6*f**3 - 9*f**2 + 94*f + 95. Calculate s(-1).
-2
Let j(y) = 4*y**3 + 2*y**2 - 7*y + 8. What is j(4)?
268
Let c(f) = f**2 - 12542*f - 3. What is c(0)?
-3
Let f(g) = -36*g**3 + 9*g**2 - 1. Determine f(2).
-253
Let a(p) = 2*p**2 - 25*p - 1155. Determine a(31).
-8
Let j(k) = -14*k**2 - 85*k - 6. Determine j(-4).
110
Let c(o) = o**2 - 57*o + 15. Calculate c(27).
-795
Let r(v) = -161*v - 4035. What is r(-25)?
-10
Let b(t) = -36*t + 50. Give b(-8).
338
Let q(s) = -235*s - 233. Calculate q(-1).
2
Let i(b) = -b**2 + 86*b - 959. Determine i(13).
-10
Let k(c) = -c**3 + 8*c**2 - 853*c + 5050. What is k(6)?
4
Let a(d) = 8*d - 600. Give a(11).
-512
Let c(g) = -g**2 - 12*g + 398. Calculate c(-26).
34
Let r(i) = 10*i**2 - 101*i - 1. Determine r(10).
-11
Let i(q) = 453*q**3 - 15*q**2 - 12*q + 2. Determine i(-1).
-454
Let f(n) = 9*n**2 - 37*n + 4. Determine f(6).
106
Let r(k) = 2*k**3 - 13*k**2 - 9*k - 16. Determine r(7).
-30
Let s(c) = -54*c + 200. Determine s(5).
-70
Let b(r) = -424*r - 4675. Determine b(-11).
-11
Let o(a) = -39*a + 2434. Calculate o(64).
-62
Let n(x) = -4*x**2 + 43*x - 126. Calculate n(3).
-33
Let q(l) = -14*l**2 + 194*l + 38. Calculate q(17).
-710
Let k(d) = -d**3 - 15*d**2 - 36*d - 13. What is k(-12)?
-13
Let t(h) = -18*h + 228. Determine t(12).
12
Let d(l) = 4*l**2 + 387*l - 3487. Calculate d(-105).
-22
Let s(c) = 207*c - 1241. Calculate s(6).
1
Let r(d) = 104*d + 1664. Calculate r(-16).
0
Let l(h) = 13*h**3 + 22*h - 21. What is l(1)?
14
Let n(r) = -3*r**3 + 130*r**2 + 724*r - 4. Give n(-5).
1
Let j(z) = 127*z + 3858. What is j(-31)?
-79
Let a(r) = -r - 34. Calculate a(10).
-44
Let j(q) = -q**2 - 409*q + 10748. Give j(25).
-102
Let v(f) = 70*f - 750. Calculate v(10).
-50
Let h(d) = d**3 + d**2 - 120*d + 474. Determine h(-13).
6
Let v(x) = -250*x + 1638. Give v(7).
-112
Let i(y) = -5*y**2 - 92*y - 331. Determine i(-5).
4
Let c(n) = -3*n**3 - 8*n**2 - 4*n + 23. What is c(-5)?
218
Let t(w) = 2*w**3 + 7*w**2 + 27*w + 70. Give t(-4).
-54
Let r(k) = -k**3 - 16*k**2 - 29*k - 766. What is r(-17)?
16
Let k(j) = 50*j + 289. What is k(-6)?
-11
Let z(y) = -420*y - 17219. Give z(-41).
1
Let n(z) = z**2 - 446*z + 6902. What is n(16)?
22
Let r(i) = 53*i - 2504. Determine r(47).
-13
Let h(j) = 2*j**3 - 98*j**2 - 91*j - 451. Determine h(50).
-1
Let b(r) = -18*r - 940. Determine b(-50).
-40
Let n(f) = 2*f**3 - 134*f**2 + 520*f - 6. What is n(4)?
58
Let b(k) = -k**3 - 33*k**2 - 65*k - 99. Give b(-31).
-6
Let b(k) = k**3 + 23*k**2 + 6*k + 45. Determine b(-23).
-93
Let a(c) = c**2 + 32*c - 240. Determine a(-27).
-375
Let h(f) = f**3 + 71*f**2 - 585*f - 3027. Give h(-78).
15
Let b(f) = f**2 + 25*f - 429. Calculate b(-39).
117
Let q(a) = -a**3 + 22*a**2 + 66*a - 1451. What is q(22)?
1
Let h(y) = 58*y - 11. Calculate h(5).
279
Let x(z) = -z**3 - 43*z**2 - 225*z - 161. Give x(-37).
-50
Let a(l) = 38*l**2 + 2926*l - 9. Determine a(-77).
-9
Let s(o) = -3*o**2 - 207*o + 35. Give s(-68).
239
Let b(r) = 3*r - 161. Determine b(-11).
-194
Let y(u) = 3*u**3 + 60*u**2 + 8*u + 177. Calculate y(-20).
17
Let g(h) = -3*h**2 + 143*h + 1023. What is g(54)?
-3
Let s(a) = -4*a**2 - 55*a + 502. Give s(-20).
2
Let n(k) = -13*k**2 + 639*k + 640. Calculate n(-1).
-12
Let p(y) = y**3 - 78*y**2 - 327*y - 87. Determine p(82).
-5
Let y(p) = 348*p + 14268. Give y(-41).
0
Let a(l) = 3*l**3 + 48*l**2 - 25*l - 244. What is a(-16)?
156
Let k(q) = 12*q**3 + 6*q**2 - 16*q - 20. What is k(-1)?
-10
Let z(o) = -o**3 + 5*o**2 + 7*o - 5. Calculate z(-4).
111
Let z(f) = -7*f**3 - 4*f**2 - 9*f + 31. Determine z(-4).
451
Let x(h) = -2*h**3 + 55*h**2 - 11*h + 1112. Give x(28).
20
Let n(c) = 3*c**2 + 40*c + 42. Give n(-1).
5
Let g(o) = -5*o**2 - 77*o - 266. What is g(-5